{"id":233,"date":"2016-02-16T17:15:06","date_gmt":"2016-02-16T17:15:06","guid":{"rendered":"http:\/\/demo.themely.com\/integral\/?page_id=2"},"modified":"2023-01-10T15:33:44","modified_gmt":"2023-01-10T15:33:44","slug":"domene","status":"publish","type":"page","link":"https:\/\/www.spletnogostovanje.biz\/index.php\/domene\/","title":{"rendered":"Domene"},"content":{"rendered":"<form action=\"https:\/\/whmcs.webicom.net\/cart.php?a=add&amp;domain=register\" method=\"post\">PREVERI, \u010cE JE DOMENA PROSTA: <input name=\"query\" size=\"20\" type=\"text\" \/> <input type=\"submit\" value=\"ZA\u010cNI\" \/><\/form>\n<p><strong>Kako izbrati pravega registrarja za domeno?<\/strong><\/p>\n<p>Zelo te\u017eko svetujemo objektivno, ker je registrarjev preve\u010d v osnovi pa noben registrar ni enak drugemu registrju. Pri dolo\u010danju cen kot tudi kakovosti domenske kon\u010dnice je v prvi vrsti vse odvisno od registra. Kaj to pomeni? Register je tisti, ki dejansko daje recimo temu koncesijo registrarjem, da prodajajo domene vendar te domene so na stre\u017enikih registra. Torej pri registrarjih ne gre za to kdo ima bolj\u0161o opremo, ker jo za domene nih\u010de od registrarjev niti ne potrebuje. Dober registrar potrebuje dober in prijazen vmesnik preko katerega bo naro\u010dnik domene lahko hitro vse uredil kar sam. Predvsem gre pri registrarjih za korektnost, po\u0161tenje in vestnost registrarja, da bo za vas res najbolje upravljal z domeno in vam pomagal, \u010de se ne boste sami zna\u0161li. Sli\u0161ali smo \u017ee kako nevestnim registrajem se ne zdi ni\u010d kaj takega, ker je domena potekla oni se pa par dni niso odzvali? Kaj takega je nedopustno zato je registrar v bistvu zelo pomemben faktor, kar mnogi spregledajo in \u017eal gledajo le na ceno pa \u010deprav le a nekaj centov razlike. Zagotovo lahko potrdimo, da je WebiCom odli\u010den registrar, kar lahko potrdi tudi ve\u010d tiso\u010d naro\u010dnikov, ki so pri WebiCom-u \u017ee ve\u010d let in ni jih malo tudi tak\u0161nih, ki so z nami \u017ee desetletja. Cene na koncu oblikuje registrar sam in pri nas smo vedno delali na tem, da je cena domena kar se da nizka. Ve\u010dina kupcev danes preveri ceno pred nakupom tudi pri konkurenci. Pri sami ceni smo ve\u010d kot ugodni, kar pa naro\u010dnik pred nakupom nekoliko te\u017eje preveri je resnost in odzivnost registrarja. V tem primeru pa (vsaj v na\u0161em primeru) najve\u010d dose\u017eemo s pohvalo na\u0161ih obstoje\u010dih strank saj dober glas se\u017ee v deveto vas.\u00a0 Na\u0161e ocene lahko <a href=\"https:\/\/www.google.com\/search?hl=en-SI&amp;gl=si&amp;q=Webicom+trgovina+in+storitve+d.o.o.,+Cesta+Ljubljanske+brigade+9a,+1000+Ljubljana&amp;ludocid=17826259260365332046&amp;lsig=AB86z5WPCCh1y-BG-UEBsB4h1STD#\">preverite tudi na googlu<\/a>.<\/p>\n<p>Podjetje Webicom deluje \u017ee od leta 2003 tako, da \u017ee samo dejstvo, da smo obstali na tem res pestrem konkuren\u010dnem parketu pove, da je to podjetje, ki ima trdo ko\u017eo in veliko izku\u0161enj. Seveda pa nam to ne bi uspelo, \u010de ne bi imeli po\u0161tenega in korektnega odnosa do na\u0161ih strank. Vabimo vas, da se nam pridru\u017eite.<\/p>\n","protected":false},"excerpt":{"rendered":"<p>PREVERI, \u010cE JE DOMENA PROSTA: Kako izbrati pravega registrarja za domeno? Zelo te\u017eko svetujemo objektivno, ker je registrarjev preve\u010d v osnovi pa noben registrar ni enak drugemu registrju. Pri dolo\u010danju cen kot tudi kakovosti domenske kon\u010dnice je v prvi vrsti vse odvisno od registra. Kaj to pomeni? Register je tisti, ki dejansko daje recimo temu koncesijo registrarjem, da prodajajo domene vendar te domene so na stre\u017enikih registra. Torej pri registrarjih ne gre za to kdo ima bolj\u0161o opremo, ker jo za domene nih\u010de od registrarjev niti ne potrebuje. Dober registrar&hellip;<\/p>\n","protected":false},"author":1,"featured_media":674,"parent":0,"menu_order":0,"comment_status":"closed","ping_status":"closed","template":"","meta":{"footnotes":""},"class_list":["post-233","page","type-page","status-publish","has-post-thumbnail","hentry"],"aioseo_notices":[],"_links":{"self":[{"href":"https:\/\/www.spletnogostovanje.biz\/index.php\/wp-json\/wp\/v2\/pages\/233","targetHints":{"allow":["GET"]}}],"collection":[{"href":"https:\/\/www.spletnogostovanje.biz\/index.php\/wp-json\/wp\/v2\/pages"}],"about":[{"href":"https:\/\/www.spletnogostovanje.biz\/index.php\/wp-json\/wp\/v2\/types\/page"}],"author":[{"embeddable":true,"href":"https:\/\/www.spletnogostovanje.biz\/index.php\/wp-json\/wp\/v2\/users\/1"}],"replies":[{"embeddable":true,"href":"https:\/\/www.spletnogostovanje.biz\/index.php\/wp-json\/wp\/v2\/comments?post=233"}],"version-history":[{"count":15,"href":"https:\/\/www.spletnogostovanje.biz\/index.php\/wp-json\/wp\/v2\/pages\/233\/revisions"}],"predecessor-version":[{"id":1494,"href":"https:\/\/www.spletnogostovanje.biz\/index.php\/wp-json\/wp\/v2\/pages\/233\/revisions\/1494"}],"wp:featuredmedia":[{"embeddable":true,"href":"https:\/\/www.spletnogostovanje.biz\/index.php\/wp-json\/wp\/v2\/media\/674"}],"wp:attachment":[{"href":"https:\/\/www.spletnogostovanje.biz\/index.php\/wp-json\/wp\/v2\/media?parent=233"}],"curies":[{"name":"wp","href":"https:\/\/api.w.org\/{rel}","templated":true}]}}