{"id":336,"date":"2016-11-03T00:13:32","date_gmt":"2016-11-03T00:13:32","guid":{"rendered":"https:\/\/spletno-gostovanje.me\/?page_id=336"},"modified":"2022-04-29T20:00:34","modified_gmt":"2022-04-29T20:00:34","slug":"izdelava-spletne-strani","status":"publish","type":"page","link":"https:\/\/www.spletnogostovanje.biz\/index.php\/izdelava-spletne-strani\/","title":{"rendered":"Izdelava spletne strani po naro\u010dilu"},"content":{"rendered":"<p>Izdelava spletne strani po naro\u010dilu pomeni, da boste najeli strokovnjaka ali strokovnjake, ki bodo za vas izdelali to\u010dno tak\u0161no spletno stran oz. spletno aplikacijo kot si sami \u017eelite. Na ve\u010djih projektih sodeluje tim razli\u010dnih strokovnjakov kot so programerji, oblikovalci, analitiki, lektorji in \u0161e bi lahko na\u0161tevali. Dva kadra pa sta vedno potrebna tako programerski kot oblikovalski. Cena izdelave strani po naro\u010dilu pa je seveda predmet va\u0161ih pogajanj in na drugi strani kvaliteta in reference podjetja, ki vam bo spletno stran izdelal. O ceni kaj ve\u010d na tem mestu ne moremo re\u010di saj je to lahko nekaj EUR pa vse do nekaj deset tiso\u010d EUR saj je vse odvisno od va\u0161ih zahtev.<br \/>\n<img loading=\"lazy\" decoding=\"async\" class=\"alignnone size-medium wp-image-941\" src=\"https:\/\/www.spletnogostovanje.biz\/wp-content\/uploads\/2020\/05\/kako-narediti-spletno-stran-660x365.png\" alt=\"\" width=\"660\" height=\"365\" \/><\/p>\n<p>Izdelava spletne strani po naro\u010dilu je lahko za osnovo uporablja brezpla\u010den odprtokoden sistem <a href=\"https:\/\/www.spletnogostovanje.biz\/index.php\/2021\/04\/26\/wordpress-triki-in-nasveti\/\"><strong>wordpress<\/strong><\/a>, ki pa ga programerji potem dodelajo po zahtevah stranke oz. naredijo tak\u0161no grafi\u010dno predlogo, ki ustreza naro\u010dniku. Lahko se uporabi kak\u0161en drug sistem ali pa se kodo strani naredi od samega za\u010detka na podlagi naro\u010dnikovih zahtev. V zadnjih letih je najbolj pogosto na\u010din ta, da se za osnovo uporabi <a href=\"https:\/\/www.spletnogostovanje.biz\/index.php\/2021\/04\/26\/wordpress-triki-in-nasveti\/\"><strong>wordpress<\/strong><\/a>, ker gre za zelo dober sistem za katerega \u017ee obstaja veliko vti\u010dnikov in opcija za kvalitetno izdelavo strani in dokaj enostavno uporabo tudi za kon\u010dnega naro\u010dnika, ko \u017eeli kaj dodati ali spremeniti. Za naro\u010dilo kontaktirajte podjetje webicom na povezavi <a href=\"https:\/\/www.webicom.net\/ostale-storitve\/izdelava-spletnih-strani-trgovin-aplikacij\/\">izdelava spletne strani po naro\u010dilu<\/a>.<\/p>\n<p>Za vse tiste, ki potrebujete ve\u010d torej spletno trgovino lahko povemo, da je webicom prav tako pravi naslov. Za seboj imajo e kar precej uspe\u0161nih projektov spletnih trgovin. Prav tako so mojstri pri integraciji in povezovanju med spletno trgovino in drugimi ra\u010dunovodskimi programi. Za izdelavo tak\u0161nih projektov je potrebno <a href=\"https:\/\/www.webicom.net\/ostale-storitve\/programiranje-po-narocilu\/\">programiranje po naro\u010dilu<\/a> in pri webicomu boste naleteli na ekipo razli\u010dnih strokovnjakov z dolgoletnimi izku\u0161njami na podro\u010dju spletnih strani in spletnih trgovin.<\/p>\n","protected":false},"excerpt":{"rendered":"<p>Izdelava spletne strani po naro\u010dilu pomeni, da boste najeli strokovnjaka ali strokovnjake, ki bodo za vas izdelali to\u010dno tak\u0161no spletno stran oz. spletno aplikacijo kot si sami \u017eelite. Na ve\u010djih projektih sodeluje tim razli\u010dnih strokovnjakov kot so programerji, oblikovalci, analitiki, lektorji in \u0161e bi lahko na\u0161tevali. Dva kadra pa sta vedno potrebna tako programerski kot oblikovalski. Cena izdelave strani po naro\u010dilu pa je seveda predmet va\u0161ih pogajanj in na drugi strani kvaliteta in reference podjetja, ki vam bo spletno stran izdelal. O ceni kaj ve\u010d na tem mestu ne moremo&hellip;<\/p>\n","protected":false},"author":1,"featured_media":941,"parent":0,"menu_order":0,"comment_status":"closed","ping_status":"closed","template":"","meta":{"footnotes":""},"class_list":["post-336","page","type-page","status-publish","has-post-thumbnail","hentry"],"aioseo_notices":[],"_links":{"self":[{"href":"https:\/\/www.spletnogostovanje.biz\/index.php\/wp-json\/wp\/v2\/pages\/336","targetHints":{"allow":["GET"]}}],"collection":[{"href":"https:\/\/www.spletnogostovanje.biz\/index.php\/wp-json\/wp\/v2\/pages"}],"about":[{"href":"https:\/\/www.spletnogostovanje.biz\/index.php\/wp-json\/wp\/v2\/types\/page"}],"author":[{"embeddable":true,"href":"https:\/\/www.spletnogostovanje.biz\/index.php\/wp-json\/wp\/v2\/users\/1"}],"replies":[{"embeddable":true,"href":"https:\/\/www.spletnogostovanje.biz\/index.php\/wp-json\/wp\/v2\/comments?post=336"}],"version-history":[{"count":11,"href":"https:\/\/www.spletnogostovanje.biz\/index.php\/wp-json\/wp\/v2\/pages\/336\/revisions"}],"predecessor-version":[{"id":1392,"href":"https:\/\/www.spletnogostovanje.biz\/index.php\/wp-json\/wp\/v2\/pages\/336\/revisions\/1392"}],"wp:featuredmedia":[{"embeddable":true,"href":"https:\/\/www.spletnogostovanje.biz\/index.php\/wp-json\/wp\/v2\/media\/941"}],"wp:attachment":[{"href":"https:\/\/www.spletnogostovanje.biz\/index.php\/wp-json\/wp\/v2\/media?parent=336"}],"curies":[{"name":"wp","href":"https:\/\/api.w.org\/{rel}","templated":true}]}}