{"id":403,"date":"2016-12-16T15:45:20","date_gmt":"2016-12-16T15:45:20","guid":{"rendered":"https:\/\/spletnogostovanje.biz\/?page_id=403"},"modified":"2019-06-06T12:31:14","modified_gmt":"2019-06-06T12:31:14","slug":"spletno-gostovanje","status":"publish","type":"page","link":"https:\/\/www.spletnogostovanje.biz\/","title":{"rendered":"Spletno gostovanje"},"content":{"rendered":"<p>Gostovanje spletnih strani je sicer \u017ee star izraz za gostovanje razli\u010dnih vsebin v oblaku. <a href=\"https:\/\/www.webicom.net\"><strong>Spletno gostovanje<\/strong><\/a> torej &nbsp;ni ve\u010d le to, kar omenjata ti dve besedi ampak je z leti postalo mnogo ve\u010d. Vse ve\u010d poslovnih uporabnikov za svoje nemoteno delo potrebuje zanesljiv stre\u017enik, ki je dosegljiv 24\/7\/365 &nbsp;v letu. Kot prva najpomembnej\u0161a stvar pri spletnem gostovanju je tako za male kot velike uporabnike seveda el. po\u0161ta. Ve\u010dina poslov na tak ali druga\u010den na\u010din danes poteka preko el. po\u0161te.<\/p>\n<p>Nikakor ne smemo pozabiti tudi na zanesljivo in hitro delovanje same spletne strani ali bolje re\u010deno aplikacije. Spletna stran bi poimenovali recimo stran izpred 10 let nazaj, ko je \u0161lo bolj za lepo oblikovano predstavitveno vendar stati\u010dno spletno stran. Danes je spletna stran ponavadi tudi spletna trgovina ali celo bolj kompleksna spletna aplikacija preko katere se povezujejo naro\u010dnik in ponudnik in podobno. Vse to mora danes delati neprekinjeno in hitro.<\/p>\n<p>Na tej spletni strani bomo podrobno razlo\u017eili kaj je <strong>spletno gostovanje<\/strong>, objavljali trende v omenjeni bran\u017ei in vam brezpla\u010dno svetovali. Podobnih strani boste na\u0161li kar nekaj in zakaj se vpra\u0161ate? Odgovor je zelo enostaven. Gre za to, da ponudniki gostovanja spletnih strani s tak\u0161nimi objavami in blogi delajo na <strong>SEO<\/strong> (<strong>Search Engine Optimization<\/strong>) se pravi na optimizaciji svojih glavnih spletnih strani kjer tr\u017eijo svoje storitve. Zato boste recimo pri podobni spletni strani videli veliko reklame posameznega&nbsp;ponudnika gostovanja od drugih seveda ne in podobno je tudi na na\u0161i strani. Razlika je le v tem, da vam tudi to povemo in razlo\u017eimo zakaj je tako.<\/p>\n<p>Na na\u0161i spletni strani prav tako ne boste na\u0161li blatenja drugih ponudnikov saj to ni namen te strani. Na tej strani vam bomo dejansko poizku\u0161ali postre\u010di z pametnimi in vam koristnimi informacijami, da se boste la\u017eje odlo\u010dili kako izbrati ponudnika, kako izbolj\u0161ati delovanje va\u0161e spletne strani, kako izbolj\u0161ati pozicijo v iskalnih zadetkih kot je goole in podobno. Ve\u010d o tem kaj pomeni <a href=\"https:\/\/spletnogostovanje.biz\/index.php\/gostovanje\/\"><strong>gostovanje na stre\u017eniku<\/strong><\/a>.<\/p>\n","protected":false},"excerpt":{"rendered":"<p>Gostovanje spletnih strani je sicer \u017ee star izraz za gostovanje razli\u010dnih vsebin v oblaku. Spletno gostovanje torej &nbsp;ni ve\u010d le to, kar omenjata ti dve besedi ampak je z leti postalo mnogo ve\u010d. Vse ve\u010d poslovnih uporabnikov za svoje nemoteno delo potrebuje zanesljiv stre\u017enik, ki je dosegljiv 24\/7\/365 &nbsp;v letu. Kot prva najpomembnej\u0161a stvar pri spletnem gostovanju je tako za male kot velike uporabnike seveda el. po\u0161ta. Ve\u010dina poslov na tak ali druga\u010den na\u010din danes poteka preko el. po\u0161te. Nikakor ne smemo pozabiti tudi na zanesljivo in hitro delovanje same&hellip;<\/p>\n","protected":false},"author":1,"featured_media":0,"parent":0,"menu_order":0,"comment_status":"closed","ping_status":"closed","template":"","meta":{"footnotes":""},"class_list":["post-403","page","type-page","status-publish","hentry"],"aioseo_notices":[],"_links":{"self":[{"href":"https:\/\/www.spletnogostovanje.biz\/index.php\/wp-json\/wp\/v2\/pages\/403","targetHints":{"allow":["GET"]}}],"collection":[{"href":"https:\/\/www.spletnogostovanje.biz\/index.php\/wp-json\/wp\/v2\/pages"}],"about":[{"href":"https:\/\/www.spletnogostovanje.biz\/index.php\/wp-json\/wp\/v2\/types\/page"}],"author":[{"embeddable":true,"href":"https:\/\/www.spletnogostovanje.biz\/index.php\/wp-json\/wp\/v2\/users\/1"}],"replies":[{"embeddable":true,"href":"https:\/\/www.spletnogostovanje.biz\/index.php\/wp-json\/wp\/v2\/comments?post=403"}],"version-history":[{"count":7,"href":"https:\/\/www.spletnogostovanje.biz\/index.php\/wp-json\/wp\/v2\/pages\/403\/revisions"}],"predecessor-version":[{"id":785,"href":"https:\/\/www.spletnogostovanje.biz\/index.php\/wp-json\/wp\/v2\/pages\/403\/revisions\/785"}],"wp:attachment":[{"href":"https:\/\/www.spletnogostovanje.biz\/index.php\/wp-json\/wp\/v2\/media?parent=403"}],"curies":[{"name":"wp","href":"https:\/\/api.w.org\/{rel}","templated":true}]}}